{"id":5217,"date":"2019-07-11T14:23:55","date_gmt":"2019-07-11T14:23:55","guid":{"rendered":"https:\/\/demo.madrasthemes.com\/electro-elementor\/?page_id=5217"},"modified":"2025-07-28T10:03:25","modified_gmt":"2025-07-28T10:03:25","slug":"home-v1-mobile-el","status":"publish","type":"page","link":"http:\/\/www.myprobyte.com\/index.php\/home-v1-mobile-el\/","title":{"rendered":"home v1 mobile el"},"content":{"rendered":"\t\t<div data-elementor-type=\"wp-post\" data-elementor-id=\"5217\" class=\"elementor elementor-5217\" wpc-filter-elementor-widget=\"1\">\n\t\t\t\t<div class=\"elementor-element elementor-element-4b648e2 e-flex e-con-boxed e-con e-parent\" data-id=\"4b648e2\" data-element_type=\"container\" data-e-type=\"container\">\n\t\t\t\t\t<div class=\"e-con-inner\">\n\t\t\t\t<div class=\"elementor-element elementor-element-a540638 elementor-widget elementor-widget-text-editor\" data-id=\"a540638\" data-element_type=\"widget\" data-e-type=\"widget\" data-widget_type=\"text-editor.default\">\n\t\t\t\t\t\t\t\t\t<p>\n\t\t\t\t<p class=\"rs-p-wp-fix\"><\/p>\n\t\t\t\t<sr7-module data-alias=\"home-v1-slider\" data-id=\"1\" id=\"SR7_1_1\" class=\"rs-ov-hidden\" data-version=\"6.7.35\">\n\t\t\t\t\t<sr7-adjuster><\/sr7-adjuster>\n\t\t\t\t\t<sr7-content>\n\t\t\t\t\t\t<sr7-slide id=\"SR7_1_1-1\" data-key=\"1\">\n\t\t\t\t\t\t\t<sr7-bg id=\"SR7_1_1-1-9\" class=\"sr7-layer\"><noscript><img decoding=\"async\" src=\"http:\/\/www.myprobyte.com\/wp-content\/uploads\/2025\/08\/foto2.jpg\" alt=\"\" title=\"foto2\"><\/noscript><\/sr7-bg>\n\t\t\t\t\t\t\t<sr7-txt id=\"SR7_1_1-1-7\" class=\"sr7-layer\">Alfatech, Blaupunkt&#8217;un T\u00fcrkiye Resmi Distrib\u00fct\u00f6r\u00fc<\/sr7-txt>\n\t\t\t\t\t\t\t<sr7-txt id=\"SR7_1_1-1-8\" class=\"sr7-layer\">Alfa Technology, tan\u0131nm\u0131\u015f Blaupunkt markas\u0131n\u0131n T\u00fcrkiye&#8217;deki resmi distrib\u00fct\u00f6r\u00fcd\u00fcr. Ara\u00e7 i\u00e7i e\u011flence sistemlerinde lider olan Blaupunkt&#8217;\u0131n geni\u015f \u00fcr\u00fcn yelpazesi art\u0131k Alfa Tech arac\u0131l\u0131\u011f\u0131yla T\u00fcrkiye&#8217;de. Yenilik\u00e7i ve y\u00fcksek kaliteli \u00e7\u00f6z\u00fcmler i\u00e7in Alfa Tech ile ileti\u015fime ge\u00e7in.<\/sr7-txt>\n\t\t\t\t\t\t<\/sr7-slide>\n\t\t\t\t\t\t<sr7-slide id=\"SR7_1_1-2\" data-key=\"2\">\n\t\t\t\t\t\t\t<sr7-bg id=\"SR7_1_1-2-7\" class=\"sr7-layer\"><noscript><img decoding=\"async\" src=\"http:\/\/www.myprobyte.com\/wp-content\/uploads\/2025\/08\/foto1.jpg\" alt=\"\" title=\"Car in HUD UI style. Futuristic service, scanning and automatic data analysis. Automobile development. 3d illustration\"><\/noscript><\/sr7-bg>\n\t\t\t\t\t\t\t<sr7-txt id=\"SR7_1_1-2-4\" class=\"sr7-layer\">Ara\u00e7lar i\u00e7in OEM, ODM, SKD Elektronik Bile\u015fen \u00c7\u00f6z\u00fcmleri<\/sr7-txt>\n\t\t\t\t\t\t\t<sr7-txt id=\"SR7_1_1-2-5\" class=\"sr7-layer\">OEM (Orijinal Ekipman \u00dcreticisi), ODM (Orijinal Tasar\u0131m \u00dcreticisi) ve SKD (Yar\u0131 Par\u00e7alanm\u0131\u015f) yakla\u015f\u0131mlar\u0131yla ara\u00e7lar i\u00e7in \u00f6zel elektronik bile\u015fen \u00e7\u00f6z\u00fcmleri sunuyoruz. Bu \u00e7\u00f6z\u00fcmler, ara\u00e7 performans\u0131n\u0131 art\u0131rmak, geli\u015fmi\u015f teknolojileri entegre etmek ve belirli otomotiv end\u00fcstrisi standartlar\u0131n\u0131 kar\u015f\u0131lamak \u00fczere tasarlanm\u0131\u015ft\u0131r.<\/sr7-txt>\n\t\t\t\t\t\t\t<sr7-txt id=\"SR7_1_1-2-6\" class=\"sr7-layer\">Daha Fazla<\/sr7-txt>\n\t\t\t\t\t\t<\/sr7-slide>\n\t\t\t\t\t\t<sr7-slide id=\"SR7_1_1-3\" data-key=\"3\">\n\t\t\t\t\t\t\t<sr7-bg id=\"SR7_1_1-3-4\" class=\"sr7-layer\"><noscript><img decoding=\"async\" src=\"http:\/\/www.myprobyte.com\/wp-content\/uploads\/2025\/08\/foto3.jpg\" alt=\"\" title=\"foto3\"><\/noscript><\/sr7-bg>\n\t\t\t\t\t\t\t<sr7-txt id=\"SR7_1_1-3-1\" class=\"sr7-layer\">\u00c7evresel OEM \u00dcretim Hizmetleri<\/sr7-txt>\n\t\t\t\t\t\t\t<sr7-txt id=\"SR7_1_1-3-2\" class=\"sr7-layer\">\u00dcretim s\u00fcrecinin her a\u015famas\u0131nda \u00e7evre dostu uygulamalar\u0131 entegre eden, enerji verimlili\u011fi, at\u0131k azalt\u0131m\u0131 ve uluslararas\u0131 \u00e7evre standartlar\u0131na uyumu garanti alt\u0131na alan s\u00fcrd\u00fcr\u00fclebilir Orijinal Ekipman \u00dcreticisi (OEM) hizmetleri sunuyoruz.<\/sr7-txt>\n\t\t\t\t\t\t\t<sr7-txt id=\"SR7_1_1-3-3\" class=\"sr7-layer\">Daha Fazla<\/sr7-txt>\n\t\t\t\t\t\t<\/sr7-slide>\n\t\t\t\t\t\t<sr7-slide id=\"SR7_1_1-21\" data-key=\"21\">\n\t\t\t\t\t\t<\/sr7-slide>\n\t\t\t\t\t<\/sr7-content>\n\t\t\t\t\t<image_lists style=\"display:none\">\n\t\t\t\t\t\t<img data-src=\"\/\/www.myprobyte.com\/wp-content\/uploads\/2025\/07\/foto3.png\" data-libid=\"5503\" data-lib=\"medialibrary\" title=\"foto3\" width=\"0\" height=\"0\" data-dbsrc=\"Ly93d3cubXlwcm9ieXRlLmNvbS93cC1jb250ZW50L3VwbG9hZHMvMjAyNS8wNy9mb3RvMy5wbmc=\"\/>\n\t\t\t\t\t\t<img data-src=\"\/\/www.myprobyte.com\/wp-content\/uploads\/2025\/08\/foto2.jpg\" data-libid=\"5798\" data-lib=\"medialibrary\" title=\"foto2\" width=\"0\" height=\"0\" data-dbsrc=\"Ly93d3cubXlwcm9ieXRlLmNvbS93cC1jb250ZW50L3VwbG9hZHMvMjAyNS8wOC9mb3RvMi5qcGc=\"\/>\n\t\t\t\t\t\t<img data-src=\"\/\/www.myprobyte.com\/wp-content\/uploads\/2025\/08\/foto1.jpg\" data-libid=\"5687\" data-lib=\"medialibrary\" title=\"Car in HUD UI style. Futuristic service, scanning and automatic data analysis. Automobile development. 3d illustration\" width=\"0\" height=\"0\" data-dbsrc=\"Ly93d3cubXlwcm9ieXRlLmNvbS93cC1jb250ZW50L3VwbG9hZHMvMjAyNS8wOC9mb3RvMS5qcGc=\"\/>\n\t\t\t\t\t\t<img loading=\"lazy\" data-src=\"\/\/www.myprobyte.com\/wp-content\/uploads\/2025\/08\/foto3.jpg\" data-libid=\"5646\" data-lib=\"medialibrary\" title=\"foto3\" width=\"0\" height=\"0\" data-dbsrc=\"Ly93d3cubXlwcm9ieXRlLmNvbS93cC1jb250ZW50L3VwbG9hZHMvMjAyNS8wOC9mb3RvMy5qcGc=\"\/>\n\t\t\t\t\t<\/image_lists>\n\t\t\t\t<\/sr7-module>\n\t\t\t\t<script>\n\t\t\t\t\tSR7.PMH ??={}; SR7.PMH[\"SR7_1_1\"] = {cn:100,state:false,fn: function() { if (_tpt!==undefined && _tpt.prepareModuleHeight !== undefined) {  _tpt.prepareModuleHeight({id:\"SR7_1_1\",el:[422,422,490,324,320],type:'standard',shdw:'0',gh:[422,422,490,324,320],gw:[1170,1170,1170,778,680],vpt:['-100px&#039;,&#039;-100px&#039;,&#039;-100px&#039;,&#039;-100px&#039;,&#039;-100px'],size:{fullWidth:true, fullHeight:false},mh:'0',onh:0,onw:0,bg:{color:'{\"orig\":\"transparent\",\"type\":\"solid\",\"string\":\"transparent\"}'},plType:'0',plColor:'#FFFFFF'});   SR7.PMH[\"SR7_1_1\"].state=true;} else if(SR7.PMH[\"SR7_1_1\"].cn-->0)\tsetTimeout( SR7.PMH[\"SR7_1_1\"].fn,19);}};SR7.PMH[\"SR7_1_1\" ].fn();\n\t\t\t\t<\/script>\n<\/p>\t\t\t\t\t\t\t\t<\/div>\n\t\t\t\t\t<\/div>\n\t\t\t\t<\/div>\n\t\t\t\t<\/div>\n\t\t","protected":false},"excerpt":{"rendered":"Alfatech, Blaupunkt'un T\u00fcrkiye Resmi Distrib\u00fct\u00f6r\u00fc Alfa Technology, tan\u0131nm\u0131\u015f Blaupunkt markas\u0131n\u0131n T\u00fcrkiye'deki resmi distrib\u00fct\u00f6r\u00fcd\u00fcr. Ara\u00e7 i\u00e7i e\u011flence sistemlerinde lider olan Blaupunkt'\u0131n geni\u015f \u00fcr\u00fcn yelpazesi art\u0131k Alfa Tech arac\u0131l\u0131\u011f\u0131yla T\u00fcrkiye'de. Yenilik\u00e7i ve","protected":false},"author":1,"featured_media":0,"parent":0,"menu_order":0,"comment_status":"closed","ping_status":"closed","template":"template-homepage-mobile-v1.php","meta":{"_acf_changed":false,"footnotes":""},"class_list":["post-5217","page","type-page","status-publish","hentry"],"acf":[],"_links":{"self":[{"href":"http:\/\/www.myprobyte.com\/index.php\/wp-json\/wp\/v2\/pages\/5217","targetHints":{"allow":["GET"]}}],"collection":[{"href":"http:\/\/www.myprobyte.com\/index.php\/wp-json\/wp\/v2\/pages"}],"about":[{"href":"http:\/\/www.myprobyte.com\/index.php\/wp-json\/wp\/v2\/types\/page"}],"author":[{"embeddable":true,"href":"http:\/\/www.myprobyte.com\/index.php\/wp-json\/wp\/v2\/users\/1"}],"replies":[{"embeddable":true,"href":"http:\/\/www.myprobyte.com\/index.php\/wp-json\/wp\/v2\/comments?post=5217"}],"version-history":[{"count":4,"href":"http:\/\/www.myprobyte.com\/index.php\/wp-json\/wp\/v2\/pages\/5217\/revisions"}],"predecessor-version":[{"id":5494,"href":"http:\/\/www.myprobyte.com\/index.php\/wp-json\/wp\/v2\/pages\/5217\/revisions\/5494"}],"wp:attachment":[{"href":"http:\/\/www.myprobyte.com\/index.php\/wp-json\/wp\/v2\/media?parent=5217"}],"curies":[{"name":"wp","href":"https:\/\/api.w.org\/{rel}","templated":true}]}}