{"id":5338,"date":"2025-07-24T12:33:52","date_gmt":"2025-07-24T12:33:52","guid":{"rendered":"http:\/\/www.myprobyte.com\/?page_id=5338"},"modified":"2025-07-24T12:35:24","modified_gmt":"2025-07-24T12:35:24","slug":"gizlilik-politikasi","status":"publish","type":"page","link":"http:\/\/www.myprobyte.com\/index.php\/gizlilik-politikasi\/","title":{"rendered":"Gizlilik Politikas\u0131"},"content":{"rendered":"\t\t<div data-elementor-type=\"wp-page\" data-elementor-id=\"5338\" class=\"elementor elementor-5338\" wpc-filter-elementor-widget=\"1\">\n\t\t\t\t<div class=\"elementor-element elementor-element-d5ec388 e-flex e-con-boxed e-con e-parent\" data-id=\"d5ec388\" data-element_type=\"container\" data-e-type=\"container\">\n\t\t\t\t\t<div class=\"e-con-inner\">\n\t\t\t\t<div class=\"elementor-element elementor-element-7b0ba19 elementor-widget elementor-widget-text-editor\" data-id=\"7b0ba19\" data-element_type=\"widget\" data-e-type=\"widget\" data-widget_type=\"text-editor.default\">\n\t\t\t\t\t\t\t\t\t<p>Say\u0131n Site Ziyaret\u00e7isi;<\/p><p>Alfatecs Elektronik Pazarlama Ticaret A.\u015e (www.myprobyte.com) , kullan\u0131c\u0131lar\u0131n\u0131n gizlilik haklar\u0131n\u0131 korumak i\u00e7in a\u015fa\u011f\u0131daki kurallar\u0131 uygulamaktad\u0131r.<\/p><p>www.alfatecs.com Kurumsal Web sitesi (https:\/\/www.alfatecs.com) alt\u0131 de\u011fi\u015fik bak\u0131\u015f a\u00e7\u0131s\u0131ndan olu\u015fmu\u015f ve bu bak\u0131\u015f a\u00e7\u0131lar\u0131 kullan\u0131c\u0131lar\u0131n web sitesinden azami verimi almalar\u0131 i\u00e7in planlanm\u0131\u015ft\u0131r. Bak\u0131\u015f a\u00e7\u0131lar\u0131n\u0131 se\u00e7mi\u015f kullan\u0131c\u0131lar\u0131n bir sonraki ziyaretlerinde se\u00e7mi\u015f olduklar\u0131 bak\u0131\u015f a\u00e7\u0131s\u0131na uygun olarak ziyaretini ba\u015flatmas\u0131 amac\u0131yla bilgisayarlar\u0131na \u201cCOOKIE\u201d ad\u0131 verilen dosyalar konulmaktad\u0131r.<\/p><p>www.alfatecs.com web sitesi i\u00e7inde yer alan ve s\u00fcrekli g\u00fcncellenen haberlere, kampanya bilgilerini ve di\u011fer s\u00fcreklilik arz eden g\u00fcncellemelere \u00fcyelik baz\u0131nda eri\u015fmek i\u00e7in kullan\u0131c\u0131lar\u0131n, ad\u0131, soyad\u0131, email adresi ve \u015firket ise \u015firket ad\u0131 gibi bilgilerini talep eden formlar doldurmalar\u0131 istenebilir. Bu bilgiler cookie\u2019ler arac\u0131l\u0131\u011f\u0131yla kullan\u0131c\u0131lar\u0131n bilgisayarlar\u0131na konulabilir ve bu bilgilere g\u00f6re site gezintisinin ki\u015fiye \u00f6zel bir \u015fekilde s\u00fcrmesi sa\u011flanabilir.<\/p><p>www.alfatecs.com web sitesinde doldurdurulan formlar ile toplanan bilgiler \u00fc\u00e7\u00fcnc\u00fc \u015fah\u0131slara verilmeyecektir. Ancak www.alfatecs.com bu bilgileri kampanya, \u00fcr\u00fcn tan\u0131t\u0131m\u0131 ve duyurular\u0131n\u0131 g\u00f6ndermek ve m\u00fc\u015fteri profili belirlemek amac\u0131yla kendi b\u00fcnyesinde kullanabilecektir.<\/p><p>www.alfatecs.com web sitesindeki \u00fcyeliklere son verilmek istendi\u011fi veya www.alfatecs.com web sitesinden i\u00e7eri\u011fin d\u0131\u015f\u0131nda kalan ancak bu sitede bulunmas\u0131n\u0131n uygun olaca\u011f\u0131 d\u00fc\u015f\u00fcn\u00fclen bilgilerin talep edilmesi halinde, info@myprobyte.com adresine elektronik posta at\u0131larak bu talep iletilebilir.<\/p><p>Alfatecs Elektronik Pazarlama Ticaret A.\u015e. burada belirtilen \u015fartlar\u0131 ve kurallar\u0131 de\u011fi\u015ftirme hakk\u0131n\u0131 sakl\u0131 tutar.<\/p>\t\t\t\t\t\t\t\t<\/div>\n\t\t\t\t\t<\/div>\n\t\t\t\t<\/div>\n\t\t\t\t<\/div>\n\t\t","protected":false},"excerpt":{"rendered":"<p>Say\u0131n Site Ziyaret\u00e7isi; Alfatecs Elektronik Pazarlama Ticaret A.\u015e (www.myprobyte.com) , kullan\u0131c\u0131lar\u0131n\u0131n gizlilik haklar\u0131n\u0131 korumak i\u00e7in a\u015fa\u011f\u0131daki kurallar\u0131 uygulamaktad\u0131r. www.alfatecs.com Kurumsal Web sitesi (https:\/\/www.alfatecs.com) alt\u0131 de\u011fi\u015fik bak\u0131\u015f a\u00e7\u0131s\u0131ndan olu\u015fmu\u015f ve bu<\/p>\n","protected":false},"author":2,"featured_media":0,"parent":0,"menu_order":0,"comment_status":"closed","ping_status":"closed","template":"","meta":{"_acf_changed":false,"footnotes":""},"class_list":["post-5338","page","type-page","status-publish","hentry"],"acf":[],"_links":{"self":[{"href":"http:\/\/www.myprobyte.com\/index.php\/wp-json\/wp\/v2\/pages\/5338","targetHints":{"allow":["GET"]}}],"collection":[{"href":"http:\/\/www.myprobyte.com\/index.php\/wp-json\/wp\/v2\/pages"}],"about":[{"href":"http:\/\/www.myprobyte.com\/index.php\/wp-json\/wp\/v2\/types\/page"}],"author":[{"embeddable":true,"href":"http:\/\/www.myprobyte.com\/index.php\/wp-json\/wp\/v2\/users\/2"}],"replies":[{"embeddable":true,"href":"http:\/\/www.myprobyte.com\/index.php\/wp-json\/wp\/v2\/comments?post=5338"}],"version-history":[{"count":5,"href":"http:\/\/www.myprobyte.com\/index.php\/wp-json\/wp\/v2\/pages\/5338\/revisions"}],"predecessor-version":[{"id":5344,"href":"http:\/\/www.myprobyte.com\/index.php\/wp-json\/wp\/v2\/pages\/5338\/revisions\/5344"}],"wp:attachment":[{"href":"http:\/\/www.myprobyte.com\/index.php\/wp-json\/wp\/v2\/media?parent=5338"}],"curies":[{"name":"wp","href":"https:\/\/api.w.org\/{rel}","templated":true}]}}